{"id":4434,"date":"2020-06-03T10:49:05","date_gmt":"2020-06-03T09:49:05","guid":{"rendered":"http:\/\/piotrkedziora.pl\/?page_id=4434"},"modified":"2020-06-05T10:21:13","modified_gmt":"2020-06-05T09:21:13","slug":"transmisja-ze-slubu","status":"publish","type":"page","link":"https:\/\/piotrkedziora.pl\/index.php\/transmisja-ze-slubu\/","title":{"rendered":"transmisja ze \u015blubu"},"content":{"rendered":"\n<h2 class=\"wp-block-heading\">Transmisja ze \u015blubu<\/h2>\n\n\n\n<p style=\"text-align:left\">aktualny link do transmisji \u015blubu Agnieszki i Paw\u0142a:<\/p>\n\n\n\n<figure class=\"wp-block-embed-youtube wp-block-embed is-type-video is-provider-youtube wp-embed-aspect-4-3 wp-has-aspect-ratio\"><div class=\"wp-block-embed__wrapper\">\n<iframe title=\"\u015alub Agnieszki i Paw\u0142a - 6.06.2020\" width=\"1080\" height=\"608\" data-src=\"https:\/\/www.youtube.com\/embed\/25qbvpNaSlE?feature=oembed\" frameborder=\"0\" allow=\"accelerometer; autoplay; clipboard-write; encrypted-media; gyroscope; picture-in-picture; web-share\" referrerpolicy=\"strict-origin-when-cross-origin\" allowfullscreen src=\"data:image\/svg+xml;base64,PHN2ZyB3aWR0aD0iMSIgaGVpZ2h0PSIxIiB4bWxucz0iaHR0cDovL3d3dy53My5vcmcvMjAwMC9zdmciPjwvc3ZnPg==\" class=\"lazyload\" data-load-mode=\"1\"><\/iframe>\n<\/div><figcaption><br><br><\/figcaption><\/figure>\n\n\n\n<p>Click on the image to play live stream of the wedding of Agnieszka and Pawe\u0142.<\/p>\n\n\n\n<p><strong>The streaming starts 6.06.2020 at 1.45 pm<\/strong><\/p>\n\n\n\n<p>If any problems occur please contact us at <strong>kontakt@pracetworcze.pl<\/strong><\/p>\n","protected":false},"excerpt":{"rendered":"<p>Transmisja ze \u015blubu aktualny link do transmisji \u015blubu Agnieszki i Paw\u0142a: Click on the image to play live stream of the wedding of Agnieszka and Pawe\u0142. The streaming starts 6.06.2020&#8230;<\/p>\n","protected":false},"author":1,"featured_media":0,"parent":0,"menu_order":0,"comment_status":"closed","ping_status":"closed","template":"","meta":{"_monsterinsights_skip_tracking":false,"_monsterinsights_sitenote_active":false,"_monsterinsights_sitenote_note":"","_monsterinsights_sitenote_category":0,"_uf_show_specific_survey":0,"_uf_disable_surveys":false,"footnotes":""},"class_list":["post-4434","page","type-page","status-publish"],"_links":{"self":[{"href":"https:\/\/piotrkedziora.pl\/index.php\/wp-json\/wp\/v2\/pages\/4434","targetHints":{"allow":["GET"]}}],"collection":[{"href":"https:\/\/piotrkedziora.pl\/index.php\/wp-json\/wp\/v2\/pages"}],"about":[{"href":"https:\/\/piotrkedziora.pl\/index.php\/wp-json\/wp\/v2\/types\/page"}],"author":[{"embeddable":true,"href":"https:\/\/piotrkedziora.pl\/index.php\/wp-json\/wp\/v2\/users\/1"}],"replies":[{"embeddable":true,"href":"https:\/\/piotrkedziora.pl\/index.php\/wp-json\/wp\/v2\/comments?post=4434"}],"version-history":[{"count":5,"href":"https:\/\/piotrkedziora.pl\/index.php\/wp-json\/wp\/v2\/pages\/4434\/revisions"}],"predecessor-version":[{"id":4442,"href":"https:\/\/piotrkedziora.pl\/index.php\/wp-json\/wp\/v2\/pages\/4434\/revisions\/4442"}],"wp:attachment":[{"href":"https:\/\/piotrkedziora.pl\/index.php\/wp-json\/wp\/v2\/media?parent=4434"}],"curies":[{"name":"wp","href":"https:\/\/api.w.org\/{rel}","templated":true}]}}